{"id":398,"date":"2019-05-31T08:55:19","date_gmt":"2019-05-31T07:55:19","guid":{"rendered":"https:\/\/dicolova.com\/fos62\/?post_type=product&#038;p=398"},"modified":"2019-05-31T08:55:19","modified_gmt":"2019-05-31T07:55:19","slug":"pathe-lievin-2","status":"publish","type":"product","link":"https:\/\/dicolova.com\/fos62\/boutique\/cinema\/pathe-lievin-2\/","title":{"rendered":"PATHE (Li\u00e9vin)"},"content":{"rendered":"<p>votre billet ouvre les m\u00eames droits qu&rsquo;un ticket de cin\u00e9ma classique :<\/p>\n<p>r\u00e9servez votre place sur internet avec votre billet \u00e0 la FOS 62 et<\/p>\n<p>profitez des points cumul\u00e9s sur votre carte fid\u00e9lit\u00e9 !<\/p>\n","protected":false},"excerpt":{"rendered":"<p>votre billet ouvre les m\u00eames droits qu&rsquo;un ticket de cin\u00e9ma classique : r\u00e9servez votre place sur internet avec votre billet \u00e0 la FOS 62 et profitez des points cumul\u00e9s sur votre carte fid\u00e9lit\u00e9 !<\/p>\n","protected":false},"featured_media":0,"comment_status":"closed","ping_status":"closed","template":"","meta":[],"product_brand":[],"product_cat":[121],"product_tag":[],"class_list":{"0":"post-398","1":"product","2":"type-product","3":"status-publish","5":"product_cat-cinema","7":"first","8":"instock","9":"sale","10":"purchasable","11":"product-type-simple"},"yoast_head":"<!-- This site is optimized with the Yoast SEO plugin v27.6 - https:\/\/yoast.com\/product\/yoast-seo-wordpress\/ -->\n<title>PATHE (Li\u00e9vin) - FOS62<\/title>\n<meta name=\"robots\" content=\"index, follow, max-snippet:-1, max-image-preview:large, max-video-preview:-1\" \/>\n<link rel=\"canonical\" href=\"https:\/\/dicolova.com\/fos62\/boutique\/cinema\/pathe-lievin-2\/\" \/>\n<meta property=\"og:locale\" content=\"fr_FR\" \/>\n<meta property=\"og:type\" content=\"article\" \/>\n<meta property=\"og:title\" content=\"PATHE (Li\u00e9vin) - FOS62\" \/>\n<meta property=\"og:description\" content=\"votre billet ouvre les m\u00eames droits qu&rsquo;un ticket de cin\u00e9ma classique : r\u00e9servez votre place sur internet avec votre billet \u00e0 la FOS 62 et profitez des points cumul\u00e9s sur votre carte fid\u00e9lit\u00e9 !\" \/>\n<meta property=\"og:url\" content=\"https:\/\/dicolova.com\/fos62\/boutique\/cinema\/pathe-lievin-2\/\" \/>\n<meta property=\"og:site_name\" content=\"FOS62\" \/>\n<meta name=\"twitter:card\" content=\"summary_large_image\" \/>\n<script type=\"application\/ld+json\" class=\"yoast-schema-graph\">{\"@context\":\"https:\\\/\\\/schema.org\",\"@graph\":[{\"@type\":\"WebPage\",\"@id\":\"https:\\\/\\\/dicolova.com\\\/fos62\\\/boutique\\\/cinema\\\/pathe-lievin-2\\\/\",\"url\":\"https:\\\/\\\/dicolova.com\\\/fos62\\\/boutique\\\/cinema\\\/pathe-lievin-2\\\/\",\"name\":\"PATHE (Li\u00e9vin) - FOS62\",\"isPartOf\":{\"@id\":\"https:\\\/\\\/dicolova.com\\\/fos62\\\/#website\"},\"datePublished\":\"2019-05-31T07:55:19+00:00\",\"breadcrumb\":{\"@id\":\"https:\\\/\\\/dicolova.com\\\/fos62\\\/boutique\\\/cinema\\\/pathe-lievin-2\\\/#breadcrumb\"},\"inLanguage\":\"fr-FR\",\"potentialAction\":[{\"@type\":\"ReadAction\",\"target\":[\"https:\\\/\\\/dicolova.com\\\/fos62\\\/boutique\\\/cinema\\\/pathe-lievin-2\\\/\"]}]},{\"@type\":\"BreadcrumbList\",\"@id\":\"https:\\\/\\\/dicolova.com\\\/fos62\\\/boutique\\\/cinema\\\/pathe-lievin-2\\\/#breadcrumb\",\"itemListElement\":[{\"@type\":\"ListItem\",\"position\":1,\"name\":\"Accueil\",\"item\":\"https:\\\/\\\/dicolova.com\\\/fos62\\\/\"},{\"@type\":\"ListItem\",\"position\":2,\"name\":\"Billetterie\",\"item\":\"https:\\\/\\\/dicolova.com\\\/fos62\\\/billetterie\\\/\"},{\"@type\":\"ListItem\",\"position\":3,\"name\":\"PATHE (Li\u00e9vin)\"}]},{\"@type\":\"WebSite\",\"@id\":\"https:\\\/\\\/dicolova.com\\\/fos62\\\/#website\",\"url\":\"https:\\\/\\\/dicolova.com\\\/fos62\\\/\",\"name\":\"FOS62\",\"description\":\"\",\"potentialAction\":[{\"@type\":\"SearchAction\",\"target\":{\"@type\":\"EntryPoint\",\"urlTemplate\":\"https:\\\/\\\/dicolova.com\\\/fos62\\\/?s={search_term_string}\"},\"query-input\":{\"@type\":\"PropertyValueSpecification\",\"valueRequired\":true,\"valueName\":\"search_term_string\"}}],\"inLanguage\":\"fr-FR\"}]}<\/script>\n<!-- \/ Yoast SEO plugin. -->","yoast_head_json":{"title":"PATHE (Li\u00e9vin) - FOS62","robots":{"index":"index","follow":"follow","max-snippet":"max-snippet:-1","max-image-preview":"max-image-preview:large","max-video-preview":"max-video-preview:-1"},"canonical":"https:\/\/dicolova.com\/fos62\/boutique\/cinema\/pathe-lievin-2\/","og_locale":"fr_FR","og_type":"article","og_title":"PATHE (Li\u00e9vin) - FOS62","og_description":"votre billet ouvre les m\u00eames droits qu&rsquo;un ticket de cin\u00e9ma classique : r\u00e9servez votre place sur internet avec votre billet \u00e0 la FOS 62 et profitez des points cumul\u00e9s sur votre carte fid\u00e9lit\u00e9 !","og_url":"https:\/\/dicolova.com\/fos62\/boutique\/cinema\/pathe-lievin-2\/","og_site_name":"FOS62","twitter_card":"summary_large_image","schema":{"@context":"https:\/\/schema.org","@graph":[{"@type":"WebPage","@id":"https:\/\/dicolova.com\/fos62\/boutique\/cinema\/pathe-lievin-2\/","url":"https:\/\/dicolova.com\/fos62\/boutique\/cinema\/pathe-lievin-2\/","name":"PATHE (Li\u00e9vin) - FOS62","isPartOf":{"@id":"https:\/\/dicolova.com\/fos62\/#website"},"datePublished":"2019-05-31T07:55:19+00:00","breadcrumb":{"@id":"https:\/\/dicolova.com\/fos62\/boutique\/cinema\/pathe-lievin-2\/#breadcrumb"},"inLanguage":"fr-FR","potentialAction":[{"@type":"ReadAction","target":["https:\/\/dicolova.com\/fos62\/boutique\/cinema\/pathe-lievin-2\/"]}]},{"@type":"BreadcrumbList","@id":"https:\/\/dicolova.com\/fos62\/boutique\/cinema\/pathe-lievin-2\/#breadcrumb","itemListElement":[{"@type":"ListItem","position":1,"name":"Accueil","item":"https:\/\/dicolova.com\/fos62\/"},{"@type":"ListItem","position":2,"name":"Billetterie","item":"https:\/\/dicolova.com\/fos62\/billetterie\/"},{"@type":"ListItem","position":3,"name":"PATHE (Li\u00e9vin)"}]},{"@type":"WebSite","@id":"https:\/\/dicolova.com\/fos62\/#website","url":"https:\/\/dicolova.com\/fos62\/","name":"FOS62","description":"","potentialAction":[{"@type":"SearchAction","target":{"@type":"EntryPoint","urlTemplate":"https:\/\/dicolova.com\/fos62\/?s={search_term_string}"},"query-input":{"@type":"PropertyValueSpecification","valueRequired":true,"valueName":"search_term_string"}}],"inLanguage":"fr-FR"}]}},"_links":{"self":[{"href":"https:\/\/dicolova.com\/fos62\/wp-json\/wp\/v2\/product\/398","targetHints":{"allow":["GET"]}}],"collection":[{"href":"https:\/\/dicolova.com\/fos62\/wp-json\/wp\/v2\/product"}],"about":[{"href":"https:\/\/dicolova.com\/fos62\/wp-json\/wp\/v2\/types\/product"}],"replies":[{"embeddable":true,"href":"https:\/\/dicolova.com\/fos62\/wp-json\/wp\/v2\/comments?post=398"}],"wp:attachment":[{"href":"https:\/\/dicolova.com\/fos62\/wp-json\/wp\/v2\/media?parent=398"}],"wp:term":[{"taxonomy":"product_brand","embeddable":true,"href":"https:\/\/dicolova.com\/fos62\/wp-json\/wp\/v2\/product_brand?post=398"},{"taxonomy":"product_cat","embeddable":true,"href":"https:\/\/dicolova.com\/fos62\/wp-json\/wp\/v2\/product_cat?post=398"},{"taxonomy":"product_tag","embeddable":true,"href":"https:\/\/dicolova.com\/fos62\/wp-json\/wp\/v2\/product_tag?post=398"}],"curies":[{"name":"wp","href":"https:\/\/api.w.org\/{rel}","templated":true}]}}