{"id":164,"date":"2026-01-23T00:00:51","date_gmt":"2026-01-22T23:00:51","guid":{"rendered":"https:\/\/dicolova.com\/fos59\/boutique\/non%20class\u00e9\/nausicaa\/"},"modified":"2026-02-05T18:27:53","modified_gmt":"2026-02-05T17:27:53","slug":"nausicaa","status":"publish","type":"product","link":"https:\/\/dicolova.com\/fos59\/boutique\/loisirs-decouvertes-de-plein-air\/nausicaa\/","title":{"rendered":"Nausicaa Le plus grand aquarium d&rsquo;Europe en E-billet"},"content":{"rendered":"<p><strong>En E-billet, nouveau valable 1 an \u00e0 partir de la date d&rsquo;achat.<\/strong><\/p>\n<p><span style=\"color: #ff6600\"><strong>Les billets ne sont ni repris, ni \u00e9chang\u00e9s<\/strong><\/span><\/p>\n<p><strong>Situ\u00e9 \u00e0 Boulogne sur Mer, le long de la plage, c&rsquo;est bien plus qu\u2019un simple aquarium : c\u2019est le plus grand site europ\u00e9en d\u00e9di\u00e9 \u00e0 la d\u00e9couverte et \u00e0 la sensibilisation pour la protection de l\u2019univers marin.<\/strong><\/p>\n<p>Avec plus de 58 000 animaux, Nausica\u00e1 vous propose de partir pour 4h30 de visite \u00e0 la rencontre de dizaines d\u2019esp\u00e8ces diff\u00e9rentes de requin, de vous \u00e9merveiller devant les majestueuses raies ou les beaut\u00e9s du lagon tropical, d\u2019assister au training m\u00e9dical des lions de mer et bien plus d\u2019exp\u00e9riences encore !<\/p>\n<h2>Nausicaa vous promet un voyage inoubliable au c\u0153ur de l\u2019Oc\u00e9an !<\/h2>\n<ul>\n<li>Pr\u00e9parez-vous \u00e0 faire face \u00e0 l\u2019immensit\u00e9 de la grande bleue en d\u00e9couvrant le nouveau parcours \u00ab Voyage en Haute Mer \u00bb : une exp\u00e9rience unique autour du plus grand aquarium d\u2019Europe de 16 000 m<sup>3<\/sup>\u00a0!<\/li>\n<li>Vivez le spectacle de la Haute Mer grandeur nature devant une baie de 20 m de large et 5 m de hauteur et plongez au plus pr\u00e8s des requins marteaux et des raies manta dans un tunnel sous-marin de 18m de long !<\/li>\n<li>A Nausica\u00e1 vivez des exp\u00e9riences interactives \u00e0 vous couper le souffle et qui changeront \u00e0 jamais votre vision de l\u2019Oc\u00e9an !<\/li>\n<\/ul>\n<h4>Bon \u00e0 savoir<\/h4>\n<ul>\n<li><strong>En E-billet valable 1 an \u00e0 partir de la date d&rsquo;achat\u00a0<\/strong>(ni repris, ni \u00e9chang\u00e9)<\/li>\n<li>Gratuit pour les enfants de moins de 3 ans.<\/li>\n<li><i>Avant d&rsquo;acheter vos billets pensez \u00e0 v\u00e9rifier les conditions d&rsquo;acc\u00e8s.<\/i><\/li>\n<\/ul>\n<p>&nbsp;<\/p>\n","protected":false},"excerpt":{"rendered":"<p><span style=\"color: #0000ff\"><strong><span style=\"font-family: 'times new roman', times, serif\">Tarif 2026 en E-billet valable 1 an \u00e0 partir de la date d achat<\/span><\/strong><\/span><\/p>\n<p><span style=\"color: #000000\"><strong>Les billets ne sont ni repris, ni \u00e9chang\u00e9s<\/strong><\/span><\/p>\n<p><span style=\"font-family: 'times new roman', times, serif\">Adultes <strong>24.64 \u20ac<\/strong> au lieu de 31.50 \u20ac<\/span><\/p>\n<p><span style=\"font-family: 'times new roman', times, serif\">Enfants <strong>18.82 \u20ac<\/strong> au lieu de 24.50 \u20ac (3 \u00e0 12 ans inclus)<\/span><\/p>\n<p><strong><span style=\"color: #0000ff\">Bon de commande FOS 59 : <a href=\"https:\/\/dicolova.com\/fos59\/wp-content\/uploads\/sites\/28\/2026\/02\/billetterie.PARC-CINE-DICOLOVA.pdf\">Billetterie.PARC-CINE-DICOLOVA<\/a><\/span><\/strong><\/p>\n<p>&nbsp;<\/p>\n","protected":false},"featured_media":117,"comment_status":"closed","ping_status":"closed","template":"","meta":[],"product_brand":[],"product_cat":[127],"product_tag":[],"class_list":{"0":"post-164","1":"product","2":"type-product","3":"status-publish","4":"has-post-thumbnail","6":"product_cat-loisirs-decouvertes-de-plein-air","8":"first","9":"instock","10":"taxable","11":"shipping-taxable","12":"product-type-simple"},"yoast_head":"<!-- This site is optimized with the Yoast SEO plugin v27.5 - https:\/\/yoast.com\/product\/yoast-seo-wordpress\/ -->\n<title>Nausicaa Le plus grand aquarium d&#039;Europe en E-billet - FOS 59<\/title>\n<meta name=\"robots\" content=\"index, follow, max-snippet:-1, max-image-preview:large, max-video-preview:-1\" \/>\n<link rel=\"canonical\" href=\"https:\/\/dicolova.com\/fos59\/boutique\/loisirs-decouvertes-de-plein-air\/nausicaa\/\" \/>\n<meta property=\"og:locale\" content=\"fr_FR\" \/>\n<meta property=\"og:type\" content=\"article\" \/>\n<meta property=\"og:title\" content=\"Nausicaa Le plus grand aquarium d&#039;Europe en E-billet - FOS 59\" \/>\n<meta property=\"og:description\" content=\"Tarif 2026 en E-billet valable 1 an \u00e0 partir de la date d achat  Les billets ne sont ni repris, ni \u00e9chang\u00e9s  Adultes 24.64 \u20ac au lieu de 31.50 \u20ac  Enfants 18.82 \u20ac au lieu de 24.50 \u20ac (3 \u00e0 12 ans inclus)  Bon de commande FOS 59 : Billetterie.PARC-CINE-DICOLOVA  &nbsp;\" \/>\n<meta property=\"og:url\" content=\"https:\/\/dicolova.com\/fos59\/boutique\/loisirs-decouvertes-de-plein-air\/nausicaa\/\" \/>\n<meta property=\"og:site_name\" content=\"FOS 59\" \/>\n<meta property=\"article:modified_time\" content=\"2026-02-05T17:27:53+00:00\" \/>\n<meta property=\"og:image\" content=\"https:\/\/dicolova.com\/fos59\/wp-content\/uploads\/sites\/28\/2016\/05\/nausicaa.jpg\" \/>\n\t<meta property=\"og:image:width\" content=\"424\" \/>\n\t<meta property=\"og:image:height\" content=\"249\" \/>\n\t<meta property=\"og:image:type\" content=\"image\/jpeg\" \/>\n<meta name=\"twitter:card\" content=\"summary_large_image\" \/>\n<meta name=\"twitter:label1\" content=\"Dur\u00e9e de lecture estim\u00e9e\" \/>\n\t<meta name=\"twitter:data1\" content=\"2 minutes\" \/>\n<script type=\"application\/ld+json\" class=\"yoast-schema-graph\">{\"@context\":\"https:\\\/\\\/schema.org\",\"@graph\":[{\"@type\":\"WebPage\",\"@id\":\"https:\\\/\\\/dicolova.com\\\/fos59\\\/boutique\\\/loisirs-decouvertes-de-plein-air\\\/nausicaa\\\/\",\"url\":\"https:\\\/\\\/dicolova.com\\\/fos59\\\/boutique\\\/loisirs-decouvertes-de-plein-air\\\/nausicaa\\\/\",\"name\":\"Nausicaa Le plus grand aquarium d'Europe en E-billet - FOS 59\",\"isPartOf\":{\"@id\":\"https:\\\/\\\/dicolova.com\\\/fos59\\\/#website\"},\"primaryImageOfPage\":{\"@id\":\"https:\\\/\\\/dicolova.com\\\/fos59\\\/boutique\\\/loisirs-decouvertes-de-plein-air\\\/nausicaa\\\/#primaryimage\"},\"image\":{\"@id\":\"https:\\\/\\\/dicolova.com\\\/fos59\\\/boutique\\\/loisirs-decouvertes-de-plein-air\\\/nausicaa\\\/#primaryimage\"},\"thumbnailUrl\":\"https:\\\/\\\/dicolova.com\\\/fos59\\\/wp-content\\\/uploads\\\/sites\\\/28\\\/2016\\\/05\\\/nausicaa.jpg\",\"datePublished\":\"2026-01-22T23:00:51+00:00\",\"dateModified\":\"2026-02-05T17:27:53+00:00\",\"breadcrumb\":{\"@id\":\"https:\\\/\\\/dicolova.com\\\/fos59\\\/boutique\\\/loisirs-decouvertes-de-plein-air\\\/nausicaa\\\/#breadcrumb\"},\"inLanguage\":\"fr-FR\",\"potentialAction\":[{\"@type\":\"ReadAction\",\"target\":[\"https:\\\/\\\/dicolova.com\\\/fos59\\\/boutique\\\/loisirs-decouvertes-de-plein-air\\\/nausicaa\\\/\"]}]},{\"@type\":\"ImageObject\",\"inLanguage\":\"fr-FR\",\"@id\":\"https:\\\/\\\/dicolova.com\\\/fos59\\\/boutique\\\/loisirs-decouvertes-de-plein-air\\\/nausicaa\\\/#primaryimage\",\"url\":\"https:\\\/\\\/dicolova.com\\\/fos59\\\/wp-content\\\/uploads\\\/sites\\\/28\\\/2016\\\/05\\\/nausicaa.jpg\",\"contentUrl\":\"https:\\\/\\\/dicolova.com\\\/fos59\\\/wp-content\\\/uploads\\\/sites\\\/28\\\/2016\\\/05\\\/nausicaa.jpg\",\"width\":424,\"height\":249},{\"@type\":\"BreadcrumbList\",\"@id\":\"https:\\\/\\\/dicolova.com\\\/fos59\\\/boutique\\\/loisirs-decouvertes-de-plein-air\\\/nausicaa\\\/#breadcrumb\",\"itemListElement\":[{\"@type\":\"ListItem\",\"position\":1,\"name\":\"Accueil\",\"item\":\"https:\\\/\\\/dicolova.com\\\/fos59\\\/\"},{\"@type\":\"ListItem\",\"position\":2,\"name\":\"Billetterie\",\"item\":\"https:\\\/\\\/dicolova.com\\\/fos59\\\/billetterie\\\/\"},{\"@type\":\"ListItem\",\"position\":3,\"name\":\"Nausicaa Le plus grand aquarium d&rsquo;Europe en E-billet\"}]},{\"@type\":\"WebSite\",\"@id\":\"https:\\\/\\\/dicolova.com\\\/fos59\\\/#website\",\"url\":\"https:\\\/\\\/dicolova.com\\\/fos59\\\/\",\"name\":\"FOS 59\",\"description\":\"\",\"potentialAction\":[{\"@type\":\"SearchAction\",\"target\":{\"@type\":\"EntryPoint\",\"urlTemplate\":\"https:\\\/\\\/dicolova.com\\\/fos59\\\/?s={search_term_string}\"},\"query-input\":{\"@type\":\"PropertyValueSpecification\",\"valueRequired\":true,\"valueName\":\"search_term_string\"}}],\"inLanguage\":\"fr-FR\"}]}<\/script>\n<!-- \/ Yoast SEO plugin. -->","yoast_head_json":{"title":"Nausicaa Le plus grand aquarium d'Europe en E-billet - FOS 59","robots":{"index":"index","follow":"follow","max-snippet":"max-snippet:-1","max-image-preview":"max-image-preview:large","max-video-preview":"max-video-preview:-1"},"canonical":"https:\/\/dicolova.com\/fos59\/boutique\/loisirs-decouvertes-de-plein-air\/nausicaa\/","og_locale":"fr_FR","og_type":"article","og_title":"Nausicaa Le plus grand aquarium d'Europe en E-billet - FOS 59","og_description":"Tarif 2026 en E-billet valable 1 an \u00e0 partir de la date d achat  Les billets ne sont ni repris, ni \u00e9chang\u00e9s  Adultes 24.64 \u20ac au lieu de 31.50 \u20ac  Enfants 18.82 \u20ac au lieu de 24.50 \u20ac (3 \u00e0 12 ans inclus)  Bon de commande FOS 59 : Billetterie.PARC-CINE-DICOLOVA  &nbsp;","og_url":"https:\/\/dicolova.com\/fos59\/boutique\/loisirs-decouvertes-de-plein-air\/nausicaa\/","og_site_name":"FOS 59","article_modified_time":"2026-02-05T17:27:53+00:00","og_image":[{"width":424,"height":249,"url":"https:\/\/dicolova.com\/fos59\/wp-content\/uploads\/sites\/28\/2016\/05\/nausicaa.jpg","type":"image\/jpeg"}],"twitter_card":"summary_large_image","twitter_misc":{"Dur\u00e9e de lecture estim\u00e9e":"2 minutes"},"schema":{"@context":"https:\/\/schema.org","@graph":[{"@type":"WebPage","@id":"https:\/\/dicolova.com\/fos59\/boutique\/loisirs-decouvertes-de-plein-air\/nausicaa\/","url":"https:\/\/dicolova.com\/fos59\/boutique\/loisirs-decouvertes-de-plein-air\/nausicaa\/","name":"Nausicaa Le plus grand aquarium d'Europe en E-billet - FOS 59","isPartOf":{"@id":"https:\/\/dicolova.com\/fos59\/#website"},"primaryImageOfPage":{"@id":"https:\/\/dicolova.com\/fos59\/boutique\/loisirs-decouvertes-de-plein-air\/nausicaa\/#primaryimage"},"image":{"@id":"https:\/\/dicolova.com\/fos59\/boutique\/loisirs-decouvertes-de-plein-air\/nausicaa\/#primaryimage"},"thumbnailUrl":"https:\/\/dicolova.com\/fos59\/wp-content\/uploads\/sites\/28\/2016\/05\/nausicaa.jpg","datePublished":"2026-01-22T23:00:51+00:00","dateModified":"2026-02-05T17:27:53+00:00","breadcrumb":{"@id":"https:\/\/dicolova.com\/fos59\/boutique\/loisirs-decouvertes-de-plein-air\/nausicaa\/#breadcrumb"},"inLanguage":"fr-FR","potentialAction":[{"@type":"ReadAction","target":["https:\/\/dicolova.com\/fos59\/boutique\/loisirs-decouvertes-de-plein-air\/nausicaa\/"]}]},{"@type":"ImageObject","inLanguage":"fr-FR","@id":"https:\/\/dicolova.com\/fos59\/boutique\/loisirs-decouvertes-de-plein-air\/nausicaa\/#primaryimage","url":"https:\/\/dicolova.com\/fos59\/wp-content\/uploads\/sites\/28\/2016\/05\/nausicaa.jpg","contentUrl":"https:\/\/dicolova.com\/fos59\/wp-content\/uploads\/sites\/28\/2016\/05\/nausicaa.jpg","width":424,"height":249},{"@type":"BreadcrumbList","@id":"https:\/\/dicolova.com\/fos59\/boutique\/loisirs-decouvertes-de-plein-air\/nausicaa\/#breadcrumb","itemListElement":[{"@type":"ListItem","position":1,"name":"Accueil","item":"https:\/\/dicolova.com\/fos59\/"},{"@type":"ListItem","position":2,"name":"Billetterie","item":"https:\/\/dicolova.com\/fos59\/billetterie\/"},{"@type":"ListItem","position":3,"name":"Nausicaa Le plus grand aquarium d&rsquo;Europe en E-billet"}]},{"@type":"WebSite","@id":"https:\/\/dicolova.com\/fos59\/#website","url":"https:\/\/dicolova.com\/fos59\/","name":"FOS 59","description":"","potentialAction":[{"@type":"SearchAction","target":{"@type":"EntryPoint","urlTemplate":"https:\/\/dicolova.com\/fos59\/?s={search_term_string}"},"query-input":{"@type":"PropertyValueSpecification","valueRequired":true,"valueName":"search_term_string"}}],"inLanguage":"fr-FR"}]}},"_links":{"self":[{"href":"https:\/\/dicolova.com\/fos59\/wp-json\/wp\/v2\/product\/164","targetHints":{"allow":["GET"]}}],"collection":[{"href":"https:\/\/dicolova.com\/fos59\/wp-json\/wp\/v2\/product"}],"about":[{"href":"https:\/\/dicolova.com\/fos59\/wp-json\/wp\/v2\/types\/product"}],"replies":[{"embeddable":true,"href":"https:\/\/dicolova.com\/fos59\/wp-json\/wp\/v2\/comments?post=164"}],"wp:featuredmedia":[{"embeddable":true,"href":"https:\/\/dicolova.com\/fos59\/wp-json\/wp\/v2\/media\/117"}],"wp:attachment":[{"href":"https:\/\/dicolova.com\/fos59\/wp-json\/wp\/v2\/media?parent=164"}],"wp:term":[{"taxonomy":"product_brand","embeddable":true,"href":"https:\/\/dicolova.com\/fos59\/wp-json\/wp\/v2\/product_brand?post=164"},{"taxonomy":"product_cat","embeddable":true,"href":"https:\/\/dicolova.com\/fos59\/wp-json\/wp\/v2\/product_cat?post=164"},{"taxonomy":"product_tag","embeddable":true,"href":"https:\/\/dicolova.com\/fos59\/wp-json\/wp\/v2\/product_tag?post=164"}],"curies":[{"name":"wp","href":"https:\/\/api.w.org\/{rel}","templated":true}]}}