{"id":143,"date":"2026-02-25T00:00:35","date_gmt":"2026-02-24T23:00:35","guid":{"rendered":"https:\/\/dicolova.com\/fos59\/boutique\/non%20class\u00e9\/kinepolis\/"},"modified":"2026-02-25T10:29:36","modified_gmt":"2026-02-25T09:29:36","slug":"kinepolis","status":"publish","type":"product","link":"https:\/\/dicolova.com\/fos59\/boutique\/cinema\/kinepolis\/","title":{"rendered":"Kin\u00e9polis \u00e0 Lomme en E-billet"},"content":{"rendered":"<p><strong>Kinepolis est le premier multiplexe de France.<\/strong><\/p>\n<p><span data-mce-mark=\"1\">Comptant 23 salles et 7 286 fauteuils, le Kin\u00e9polis est le troisi\u00e8me plus grand multiplexe au monde apr\u00e8s ceux d&rsquo;Anvers et de Las Vegas.\u00a0<\/span>Salles climatis\u00e9es \u00e9quip\u00e9es du dernier cri technologique peuvent chacune accueillir de 120 \u00e0 708 spectateurs.<\/p>\n<p><strong>E-billets valable dans tous les kinepolis de France\u00a0<\/strong><strong>(l<\/strong><strong>es e-billets ne sont ni repris, ni \u00e9changeables) &#8211; date de validit\u00e9 16\/08\/2026<\/strong><\/p>\n<p><strong>Accessibilit\u00e9 :\u00a0<span class=\"sr-only\">Accessible aux personnes malentendantes et en fauteuils roulants<\/span><\/strong><\/p>\n<h2 class=\"pane-title\">informations complementaires :<\/h2>\n<div class=\"field field-name-field-theater-opening-hours field-type-text-long field-label-hidden clearfix\">\n<div class=\"field-items\">\n<div class=\"field-item even\">\n<ul>\n<li>Lundi au samedi de 12h00 \u00e0 23h00<\/li>\n<li>Dimanche et \u00ab\u00a0petites vacances scolaires\u00a0\u00bb de 09h00 \u00e0 23h00<\/li>\n<li>Certaines salles sont adapt\u00e9es aux fauteuils roulants et films sous titr\u00e9s pour les sourds et malentendants (Sans casque).<\/li>\n<li>Consultez le site internet pour la programmation des films\u00a0<a href=\"http:\/\/kinepolis.fr\/cinemas\/kinepolis-lomme#showtimes\" target=\"_blank\" rel=\"noopener\">http:\/\/kinepolis.fr\/cinemas\/kinepolis-lomme#showtimes\u00a0<\/a><\/li>\n<\/ul>\n<\/div>\n<\/div>\n<\/div>\n<p><strong>Offre accessible aux actifs et aux retrait\u00e9s.<\/strong><\/p>\n<div class=\"contenu_principal row\">\n<div class=\"columns twelve\">\n<div class=\"accessibilite\">\n<div class=\"label-handicap\"><\/div>\n<\/div>\n<\/div>\n<\/div>\n","protected":false},"excerpt":{"rendered":"<p><span style=\"font-family: 'times new roman', times, serif\"><strong>9.00 \u20ac<\/strong> au lieu de 13.90 \u20ac<\/span><\/p>\n<p><strong>E-billets valable dans tous les kinepolis de France &#8211; date de validit\u00e9 16\/08\/2026<\/strong><\/p>\n<p><span style=\"color: #ff6600\"><strong>Ticket\u00a0 ni repris, ni \u00e9chang\u00e9<\/strong><\/span><\/p>\n<p>Bon de commande FOS 59 :<strong> <a href=\"https:\/\/dicolova.com\/fos59\/wp-content\/uploads\/sites\/28\/2026\/02\/billetterie.PARC-CINE-DICOLOVA.pdf\">Billetterie.PARC-CINE-DICOLOVA<\/a><\/strong><\/p>\n<p>&nbsp;<\/p>\n<p>&nbsp;<\/p>\n<p>&nbsp;<\/p>\n","protected":false},"featured_media":1207,"comment_status":"closed","ping_status":"closed","template":"","meta":[],"product_brand":[],"product_cat":[124],"product_tag":[],"class_list":{"0":"post-143","1":"product","2":"type-product","3":"status-publish","4":"has-post-thumbnail","6":"product_cat-cinema","8":"first","9":"instock","10":"taxable","11":"shipping-taxable","12":"product-type-simple"},"yoast_head":"<!-- This site is optimized with the Yoast SEO plugin v27.5 - https:\/\/yoast.com\/product\/yoast-seo-wordpress\/ -->\n<title>Kin\u00e9polis \u00e0 Lomme en E-billet - FOS 59<\/title>\n<meta name=\"robots\" content=\"index, follow, max-snippet:-1, max-image-preview:large, max-video-preview:-1\" \/>\n<link rel=\"canonical\" href=\"https:\/\/dicolova.com\/fos59\/boutique\/cinema\/kinepolis\/\" \/>\n<meta property=\"og:locale\" content=\"fr_FR\" \/>\n<meta property=\"og:type\" content=\"article\" \/>\n<meta property=\"og:title\" content=\"Kin\u00e9polis \u00e0 Lomme en E-billet - FOS 59\" \/>\n<meta property=\"og:description\" content=\"9.00 \u20ac au lieu de 13.90 \u20ac  E-billets valable dans tous les kinepolis de France - date de validit\u00e9 16\/08\/2026  Ticket\u00a0 ni repris, ni \u00e9chang\u00e9  Bon de commande FOS 59 : Billetterie.PARC-CINE-DICOLOVA  &nbsp;  &nbsp;  &nbsp;\" \/>\n<meta property=\"og:url\" content=\"https:\/\/dicolova.com\/fos59\/boutique\/cinema\/kinepolis\/\" \/>\n<meta property=\"og:site_name\" content=\"FOS 59\" \/>\n<meta property=\"article:modified_time\" content=\"2026-02-25T09:29:36+00:00\" \/>\n<meta property=\"og:image\" content=\"https:\/\/dicolova.com\/fos59\/wp-content\/uploads\/sites\/28\/2022\/11\/kinepolis-2.jpg\" \/>\n\t<meta property=\"og:image:width\" content=\"225\" \/>\n\t<meta property=\"og:image:height\" content=\"225\" \/>\n\t<meta property=\"og:image:type\" content=\"image\/jpeg\" \/>\n<meta name=\"twitter:card\" content=\"summary_large_image\" \/>\n<meta name=\"twitter:label1\" content=\"Dur\u00e9e de lecture estim\u00e9e\" \/>\n\t<meta name=\"twitter:data1\" content=\"1 minute\" \/>\n<script type=\"application\/ld+json\" class=\"yoast-schema-graph\">{\"@context\":\"https:\\\/\\\/schema.org\",\"@graph\":[{\"@type\":\"WebPage\",\"@id\":\"https:\\\/\\\/dicolova.com\\\/fos59\\\/boutique\\\/cinema\\\/kinepolis\\\/\",\"url\":\"https:\\\/\\\/dicolova.com\\\/fos59\\\/boutique\\\/cinema\\\/kinepolis\\\/\",\"name\":\"Kin\u00e9polis \u00e0 Lomme en E-billet - FOS 59\",\"isPartOf\":{\"@id\":\"https:\\\/\\\/dicolova.com\\\/fos59\\\/#website\"},\"primaryImageOfPage\":{\"@id\":\"https:\\\/\\\/dicolova.com\\\/fos59\\\/boutique\\\/cinema\\\/kinepolis\\\/#primaryimage\"},\"image\":{\"@id\":\"https:\\\/\\\/dicolova.com\\\/fos59\\\/boutique\\\/cinema\\\/kinepolis\\\/#primaryimage\"},\"thumbnailUrl\":\"https:\\\/\\\/dicolova.com\\\/fos59\\\/wp-content\\\/uploads\\\/sites\\\/28\\\/2022\\\/11\\\/kinepolis-2.jpg\",\"datePublished\":\"2026-02-24T23:00:35+00:00\",\"dateModified\":\"2026-02-25T09:29:36+00:00\",\"breadcrumb\":{\"@id\":\"https:\\\/\\\/dicolova.com\\\/fos59\\\/boutique\\\/cinema\\\/kinepolis\\\/#breadcrumb\"},\"inLanguage\":\"fr-FR\",\"potentialAction\":[{\"@type\":\"ReadAction\",\"target\":[\"https:\\\/\\\/dicolova.com\\\/fos59\\\/boutique\\\/cinema\\\/kinepolis\\\/\"]}]},{\"@type\":\"ImageObject\",\"inLanguage\":\"fr-FR\",\"@id\":\"https:\\\/\\\/dicolova.com\\\/fos59\\\/boutique\\\/cinema\\\/kinepolis\\\/#primaryimage\",\"url\":\"https:\\\/\\\/dicolova.com\\\/fos59\\\/wp-content\\\/uploads\\\/sites\\\/28\\\/2022\\\/11\\\/kinepolis-2.jpg\",\"contentUrl\":\"https:\\\/\\\/dicolova.com\\\/fos59\\\/wp-content\\\/uploads\\\/sites\\\/28\\\/2022\\\/11\\\/kinepolis-2.jpg\",\"width\":225,\"height\":225},{\"@type\":\"BreadcrumbList\",\"@id\":\"https:\\\/\\\/dicolova.com\\\/fos59\\\/boutique\\\/cinema\\\/kinepolis\\\/#breadcrumb\",\"itemListElement\":[{\"@type\":\"ListItem\",\"position\":1,\"name\":\"Accueil\",\"item\":\"https:\\\/\\\/dicolova.com\\\/fos59\\\/\"},{\"@type\":\"ListItem\",\"position\":2,\"name\":\"Billetterie\",\"item\":\"https:\\\/\\\/dicolova.com\\\/fos59\\\/billetterie\\\/\"},{\"@type\":\"ListItem\",\"position\":3,\"name\":\"Kin\u00e9polis \u00e0 Lomme en E-billet\"}]},{\"@type\":\"WebSite\",\"@id\":\"https:\\\/\\\/dicolova.com\\\/fos59\\\/#website\",\"url\":\"https:\\\/\\\/dicolova.com\\\/fos59\\\/\",\"name\":\"FOS 59\",\"description\":\"\",\"potentialAction\":[{\"@type\":\"SearchAction\",\"target\":{\"@type\":\"EntryPoint\",\"urlTemplate\":\"https:\\\/\\\/dicolova.com\\\/fos59\\\/?s={search_term_string}\"},\"query-input\":{\"@type\":\"PropertyValueSpecification\",\"valueRequired\":true,\"valueName\":\"search_term_string\"}}],\"inLanguage\":\"fr-FR\"}]}<\/script>\n<!-- \/ Yoast SEO plugin. -->","yoast_head_json":{"title":"Kin\u00e9polis \u00e0 Lomme en E-billet - FOS 59","robots":{"index":"index","follow":"follow","max-snippet":"max-snippet:-1","max-image-preview":"max-image-preview:large","max-video-preview":"max-video-preview:-1"},"canonical":"https:\/\/dicolova.com\/fos59\/boutique\/cinema\/kinepolis\/","og_locale":"fr_FR","og_type":"article","og_title":"Kin\u00e9polis \u00e0 Lomme en E-billet - FOS 59","og_description":"9.00 \u20ac au lieu de 13.90 \u20ac  E-billets valable dans tous les kinepolis de France - date de validit\u00e9 16\/08\/2026  Ticket\u00a0 ni repris, ni \u00e9chang\u00e9  Bon de commande FOS 59 : Billetterie.PARC-CINE-DICOLOVA  &nbsp;  &nbsp;  &nbsp;","og_url":"https:\/\/dicolova.com\/fos59\/boutique\/cinema\/kinepolis\/","og_site_name":"FOS 59","article_modified_time":"2026-02-25T09:29:36+00:00","og_image":[{"width":225,"height":225,"url":"https:\/\/dicolova.com\/fos59\/wp-content\/uploads\/sites\/28\/2022\/11\/kinepolis-2.jpg","type":"image\/jpeg"}],"twitter_card":"summary_large_image","twitter_misc":{"Dur\u00e9e de lecture estim\u00e9e":"1 minute"},"schema":{"@context":"https:\/\/schema.org","@graph":[{"@type":"WebPage","@id":"https:\/\/dicolova.com\/fos59\/boutique\/cinema\/kinepolis\/","url":"https:\/\/dicolova.com\/fos59\/boutique\/cinema\/kinepolis\/","name":"Kin\u00e9polis \u00e0 Lomme en E-billet - FOS 59","isPartOf":{"@id":"https:\/\/dicolova.com\/fos59\/#website"},"primaryImageOfPage":{"@id":"https:\/\/dicolova.com\/fos59\/boutique\/cinema\/kinepolis\/#primaryimage"},"image":{"@id":"https:\/\/dicolova.com\/fos59\/boutique\/cinema\/kinepolis\/#primaryimage"},"thumbnailUrl":"https:\/\/dicolova.com\/fos59\/wp-content\/uploads\/sites\/28\/2022\/11\/kinepolis-2.jpg","datePublished":"2026-02-24T23:00:35+00:00","dateModified":"2026-02-25T09:29:36+00:00","breadcrumb":{"@id":"https:\/\/dicolova.com\/fos59\/boutique\/cinema\/kinepolis\/#breadcrumb"},"inLanguage":"fr-FR","potentialAction":[{"@type":"ReadAction","target":["https:\/\/dicolova.com\/fos59\/boutique\/cinema\/kinepolis\/"]}]},{"@type":"ImageObject","inLanguage":"fr-FR","@id":"https:\/\/dicolova.com\/fos59\/boutique\/cinema\/kinepolis\/#primaryimage","url":"https:\/\/dicolova.com\/fos59\/wp-content\/uploads\/sites\/28\/2022\/11\/kinepolis-2.jpg","contentUrl":"https:\/\/dicolova.com\/fos59\/wp-content\/uploads\/sites\/28\/2022\/11\/kinepolis-2.jpg","width":225,"height":225},{"@type":"BreadcrumbList","@id":"https:\/\/dicolova.com\/fos59\/boutique\/cinema\/kinepolis\/#breadcrumb","itemListElement":[{"@type":"ListItem","position":1,"name":"Accueil","item":"https:\/\/dicolova.com\/fos59\/"},{"@type":"ListItem","position":2,"name":"Billetterie","item":"https:\/\/dicolova.com\/fos59\/billetterie\/"},{"@type":"ListItem","position":3,"name":"Kin\u00e9polis \u00e0 Lomme en E-billet"}]},{"@type":"WebSite","@id":"https:\/\/dicolova.com\/fos59\/#website","url":"https:\/\/dicolova.com\/fos59\/","name":"FOS 59","description":"","potentialAction":[{"@type":"SearchAction","target":{"@type":"EntryPoint","urlTemplate":"https:\/\/dicolova.com\/fos59\/?s={search_term_string}"},"query-input":{"@type":"PropertyValueSpecification","valueRequired":true,"valueName":"search_term_string"}}],"inLanguage":"fr-FR"}]}},"_links":{"self":[{"href":"https:\/\/dicolova.com\/fos59\/wp-json\/wp\/v2\/product\/143","targetHints":{"allow":["GET"]}}],"collection":[{"href":"https:\/\/dicolova.com\/fos59\/wp-json\/wp\/v2\/product"}],"about":[{"href":"https:\/\/dicolova.com\/fos59\/wp-json\/wp\/v2\/types\/product"}],"replies":[{"embeddable":true,"href":"https:\/\/dicolova.com\/fos59\/wp-json\/wp\/v2\/comments?post=143"}],"wp:featuredmedia":[{"embeddable":true,"href":"https:\/\/dicolova.com\/fos59\/wp-json\/wp\/v2\/media\/1207"}],"wp:attachment":[{"href":"https:\/\/dicolova.com\/fos59\/wp-json\/wp\/v2\/media?parent=143"}],"wp:term":[{"taxonomy":"product_brand","embeddable":true,"href":"https:\/\/dicolova.com\/fos59\/wp-json\/wp\/v2\/product_brand?post=143"},{"taxonomy":"product_cat","embeddable":true,"href":"https:\/\/dicolova.com\/fos59\/wp-json\/wp\/v2\/product_cat?post=143"},{"taxonomy":"product_tag","embeddable":true,"href":"https:\/\/dicolova.com\/fos59\/wp-json\/wp\/v2\/product_tag?post=143"}],"curies":[{"name":"wp","href":"https:\/\/api.w.org\/{rel}","templated":true}]}}