{"id":156,"date":"2018-03-20T14:54:25","date_gmt":"2018-03-20T13:54:25","guid":{"rendered":"https:\/\/dicolova.com\/cos65\/?post_type=product&#038;p=156"},"modified":"2023-10-08T10:56:41","modified_gmt":"2023-10-08T09:56:41","slug":"laser-quest","status":"publish","type":"product","link":"https:\/\/dicolova.com\/cos65\/boutique\/loisirs-decouvertes-de-plein-air\/laser-quest\/","title":{"rendered":"LASER QUEST"},"content":{"rendered":"<h1 class=\"titre11\">LASER QUEST Tarbes<\/h1>\n<hr \/>\n<p align=\"justify\">TARBES<\/p>\n<p align=\"justify\">1 av des Tilleuls<\/p>\n<h2 class=\"titre22\">Pr\u00e9sentation<\/h2>\n<p align=\"\">\n<p><img decoding=\"async\" src=\"https:\/\/cos64.fr\/photo\/laserquest%20logo.jpg\" alt=\"\" \/><\/p>\n<p>Equip\u00e9 d\u2019un harnais \u00e9lectronique et d&rsquo;un pistolet laser, vous avez pour mission de viser les cibles lumineuses de vos adversaires.<\/p>\n<p><strong>Laser Quest, le lieu id\u00e9al &#8230;<\/strong><\/p>\n<p>&#8230;pour d\u00e9gommer ses parents, enterrer sa vie de jeune fille ou de gar\u00e7on, accomplir une vengeance sur son boss, se mesurer \u00e0 ses potes&#8230;\u00a0En bref, le lieu id\u00e9al pour passer un bon moment en famille, entre amis ou coll\u00e8gues !!<\/p>\n<p>D\u00e9fiez-vous lors de mini-tournois et d\u00e9terminez qui est le plus adroit !<\/p>\n<p>Contre indications : ATTENTION ! Ce loisir peut entra\u00eener chez certaines personnes l&rsquo;envie incontr\u00f4lable de &#8230; recommencer!<\/p>\n<p>Les billets n&rsquo;ont pas de date limite d&rsquo;utilisation, sont valables tous les jours, y compris les week-ends, jours f\u00e9ri\u00e9s et vacances scolaires, pour des parties de 20 minutes, hors promotion et prestations anniversaire.<\/p>\n<p><strong>Jeu \u00e0 partir de 7 ans.<\/strong><\/p>\n<p><strong>\u00a0<\/strong><\/p>\n<p><u>Heures d&rsquo;ouverture :<\/u><\/p>\n<p>Lundi ferm\u00e9, sur r\u00e9servation pour plus de 10 personnes<br \/>\nMardi\u00a014h00 &#8211; 22h00<br \/>\nMercredi\u00a014h00 &#8211; 22h00<br \/>\nJeudi\u00a014h00 &#8211; 22h00<br \/>\nVendredi\u00a014h00 &#8211; 23h30<br \/>\nSamedi\u00a012h00 &#8211; 00h00<br \/>\nDimanche\u00a014h00 &#8211; 18h30<\/p>\n<p><u>Heures d&rsquo;ouverture pendant les vacances scolaires :<\/u><\/p>\n<p>Lundi\u00a014h00 &#8211; 23h00<br \/>\nMardi\u00a014h00 &#8211; 23h00<br \/>\nMercredi\u00a014h00 &#8211; 23h00<br \/>\nJeudi\u00a014h00 &#8211; 23h00<br \/>\nVendredi\u00a014h00 &#8211; 00h00<br \/>\nSamedi\u00a012h00 &#8211; 00h00<br \/>\nDimanche14h00 &#8211; 20h00<\/p>\n","protected":false},"excerpt":{"rendered":"<h2>Tarifs<\/h2>\n<table>\n<tbody>\n<tr>\n<td>1 partie au lieu de 9\u20ac<\/td>\n<td>7.50 \u20ac<\/td>\n<\/tr>\n<\/tbody>\n<\/table>\n<p>&nbsp;<\/p>\n","protected":false},"featured_media":157,"comment_status":"closed","ping_status":"closed","template":"","meta":[],"product_brand":[],"product_cat":[124],"product_tag":[],"class_list":{"0":"post-156","1":"product","2":"type-product","3":"status-publish","4":"has-post-thumbnail","6":"product_cat-loisirs-decouvertes-de-plein-air","8":"first","9":"instock","10":"taxable","11":"shipping-taxable","12":"product-type-simple"},"yoast_head":"<!-- This site is optimized with the Yoast SEO plugin v27.4 - https:\/\/yoast.com\/product\/yoast-seo-wordpress\/ -->\n<title>LASER QUEST - COS 65<\/title>\n<meta name=\"robots\" content=\"index, follow, max-snippet:-1, max-image-preview:large, max-video-preview:-1\" \/>\n<link rel=\"canonical\" href=\"https:\/\/dicolova.com\/cos65\/boutique\/loisirs-decouvertes-de-plein-air\/laser-quest\/\" \/>\n<meta property=\"og:locale\" content=\"fr_FR\" \/>\n<meta property=\"og:type\" content=\"article\" \/>\n<meta property=\"og:title\" content=\"LASER QUEST - COS 65\" \/>\n<meta property=\"og:description\" content=\"Tarifs    1 partie au lieu de 9\u20ac 7.50 \u20ac    &nbsp;\" \/>\n<meta property=\"og:url\" content=\"https:\/\/dicolova.com\/cos65\/boutique\/loisirs-decouvertes-de-plein-air\/laser-quest\/\" \/>\n<meta property=\"og:site_name\" content=\"COS 65\" \/>\n<meta property=\"article:modified_time\" content=\"2023-10-08T09:56:41+00:00\" \/>\n<meta property=\"og:image\" content=\"https:\/\/dicolova.com\/cos65\/wp-content\/uploads\/sites\/32\/2018\/03\/laserquest-logo.jpg\" \/>\n\t<meta property=\"og:image:width\" content=\"600\" \/>\n\t<meta property=\"og:image:height\" content=\"198\" \/>\n\t<meta property=\"og:image:type\" content=\"image\/jpeg\" \/>\n<meta name=\"twitter:card\" content=\"summary_large_image\" \/>\n<meta name=\"twitter:label1\" content=\"Dur\u00e9e de lecture estim\u00e9e\" \/>\n\t<meta name=\"twitter:data1\" content=\"2 minutes\" \/>\n<script type=\"application\/ld+json\" class=\"yoast-schema-graph\">{\"@context\":\"https:\\\/\\\/schema.org\",\"@graph\":[{\"@type\":\"WebPage\",\"@id\":\"https:\\\/\\\/dicolova.com\\\/cos65\\\/boutique\\\/loisirs-decouvertes-de-plein-air\\\/laser-quest\\\/\",\"url\":\"https:\\\/\\\/dicolova.com\\\/cos65\\\/boutique\\\/loisirs-decouvertes-de-plein-air\\\/laser-quest\\\/\",\"name\":\"LASER QUEST - COS 65\",\"isPartOf\":{\"@id\":\"https:\\\/\\\/dicolova.com\\\/cos65\\\/#website\"},\"primaryImageOfPage\":{\"@id\":\"https:\\\/\\\/dicolova.com\\\/cos65\\\/boutique\\\/loisirs-decouvertes-de-plein-air\\\/laser-quest\\\/#primaryimage\"},\"image\":{\"@id\":\"https:\\\/\\\/dicolova.com\\\/cos65\\\/boutique\\\/loisirs-decouvertes-de-plein-air\\\/laser-quest\\\/#primaryimage\"},\"thumbnailUrl\":\"https:\\\/\\\/dicolova.com\\\/cos65\\\/wp-content\\\/uploads\\\/sites\\\/32\\\/2018\\\/03\\\/laserquest-logo.jpg\",\"datePublished\":\"2018-03-20T13:54:25+00:00\",\"dateModified\":\"2023-10-08T09:56:41+00:00\",\"breadcrumb\":{\"@id\":\"https:\\\/\\\/dicolova.com\\\/cos65\\\/boutique\\\/loisirs-decouvertes-de-plein-air\\\/laser-quest\\\/#breadcrumb\"},\"inLanguage\":\"fr-FR\",\"potentialAction\":[{\"@type\":\"ReadAction\",\"target\":[\"https:\\\/\\\/dicolova.com\\\/cos65\\\/boutique\\\/loisirs-decouvertes-de-plein-air\\\/laser-quest\\\/\"]}]},{\"@type\":\"ImageObject\",\"inLanguage\":\"fr-FR\",\"@id\":\"https:\\\/\\\/dicolova.com\\\/cos65\\\/boutique\\\/loisirs-decouvertes-de-plein-air\\\/laser-quest\\\/#primaryimage\",\"url\":\"https:\\\/\\\/dicolova.com\\\/cos65\\\/wp-content\\\/uploads\\\/sites\\\/32\\\/2018\\\/03\\\/laserquest-logo.jpg\",\"contentUrl\":\"https:\\\/\\\/dicolova.com\\\/cos65\\\/wp-content\\\/uploads\\\/sites\\\/32\\\/2018\\\/03\\\/laserquest-logo.jpg\",\"width\":600,\"height\":198},{\"@type\":\"BreadcrumbList\",\"@id\":\"https:\\\/\\\/dicolova.com\\\/cos65\\\/boutique\\\/loisirs-decouvertes-de-plein-air\\\/laser-quest\\\/#breadcrumb\",\"itemListElement\":[{\"@type\":\"ListItem\",\"position\":1,\"name\":\"Accueil\",\"item\":\"https:\\\/\\\/dicolova.com\\\/cos65\\\/\"},{\"@type\":\"ListItem\",\"position\":2,\"name\":\"Billetterie\",\"item\":\"https:\\\/\\\/dicolova.com\\\/cos65\\\/billetterie\\\/\"},{\"@type\":\"ListItem\",\"position\":3,\"name\":\"LASER QUEST\"}]},{\"@type\":\"WebSite\",\"@id\":\"https:\\\/\\\/dicolova.com\\\/cos65\\\/#website\",\"url\":\"https:\\\/\\\/dicolova.com\\\/cos65\\\/\",\"name\":\"COS 65\",\"description\":\"\",\"potentialAction\":[{\"@type\":\"SearchAction\",\"target\":{\"@type\":\"EntryPoint\",\"urlTemplate\":\"https:\\\/\\\/dicolova.com\\\/cos65\\\/?s={search_term_string}\"},\"query-input\":{\"@type\":\"PropertyValueSpecification\",\"valueRequired\":true,\"valueName\":\"search_term_string\"}}],\"inLanguage\":\"fr-FR\"}]}<\/script>\n<!-- \/ Yoast SEO plugin. -->","yoast_head_json":{"title":"LASER QUEST - COS 65","robots":{"index":"index","follow":"follow","max-snippet":"max-snippet:-1","max-image-preview":"max-image-preview:large","max-video-preview":"max-video-preview:-1"},"canonical":"https:\/\/dicolova.com\/cos65\/boutique\/loisirs-decouvertes-de-plein-air\/laser-quest\/","og_locale":"fr_FR","og_type":"article","og_title":"LASER QUEST - COS 65","og_description":"Tarifs    1 partie au lieu de 9\u20ac 7.50 \u20ac    &nbsp;","og_url":"https:\/\/dicolova.com\/cos65\/boutique\/loisirs-decouvertes-de-plein-air\/laser-quest\/","og_site_name":"COS 65","article_modified_time":"2023-10-08T09:56:41+00:00","og_image":[{"width":600,"height":198,"url":"https:\/\/dicolova.com\/cos65\/wp-content\/uploads\/sites\/32\/2018\/03\/laserquest-logo.jpg","type":"image\/jpeg"}],"twitter_card":"summary_large_image","twitter_misc":{"Dur\u00e9e de lecture estim\u00e9e":"2 minutes"},"schema":{"@context":"https:\/\/schema.org","@graph":[{"@type":"WebPage","@id":"https:\/\/dicolova.com\/cos65\/boutique\/loisirs-decouvertes-de-plein-air\/laser-quest\/","url":"https:\/\/dicolova.com\/cos65\/boutique\/loisirs-decouvertes-de-plein-air\/laser-quest\/","name":"LASER QUEST - COS 65","isPartOf":{"@id":"https:\/\/dicolova.com\/cos65\/#website"},"primaryImageOfPage":{"@id":"https:\/\/dicolova.com\/cos65\/boutique\/loisirs-decouvertes-de-plein-air\/laser-quest\/#primaryimage"},"image":{"@id":"https:\/\/dicolova.com\/cos65\/boutique\/loisirs-decouvertes-de-plein-air\/laser-quest\/#primaryimage"},"thumbnailUrl":"https:\/\/dicolova.com\/cos65\/wp-content\/uploads\/sites\/32\/2018\/03\/laserquest-logo.jpg","datePublished":"2018-03-20T13:54:25+00:00","dateModified":"2023-10-08T09:56:41+00:00","breadcrumb":{"@id":"https:\/\/dicolova.com\/cos65\/boutique\/loisirs-decouvertes-de-plein-air\/laser-quest\/#breadcrumb"},"inLanguage":"fr-FR","potentialAction":[{"@type":"ReadAction","target":["https:\/\/dicolova.com\/cos65\/boutique\/loisirs-decouvertes-de-plein-air\/laser-quest\/"]}]},{"@type":"ImageObject","inLanguage":"fr-FR","@id":"https:\/\/dicolova.com\/cos65\/boutique\/loisirs-decouvertes-de-plein-air\/laser-quest\/#primaryimage","url":"https:\/\/dicolova.com\/cos65\/wp-content\/uploads\/sites\/32\/2018\/03\/laserquest-logo.jpg","contentUrl":"https:\/\/dicolova.com\/cos65\/wp-content\/uploads\/sites\/32\/2018\/03\/laserquest-logo.jpg","width":600,"height":198},{"@type":"BreadcrumbList","@id":"https:\/\/dicolova.com\/cos65\/boutique\/loisirs-decouvertes-de-plein-air\/laser-quest\/#breadcrumb","itemListElement":[{"@type":"ListItem","position":1,"name":"Accueil","item":"https:\/\/dicolova.com\/cos65\/"},{"@type":"ListItem","position":2,"name":"Billetterie","item":"https:\/\/dicolova.com\/cos65\/billetterie\/"},{"@type":"ListItem","position":3,"name":"LASER QUEST"}]},{"@type":"WebSite","@id":"https:\/\/dicolova.com\/cos65\/#website","url":"https:\/\/dicolova.com\/cos65\/","name":"COS 65","description":"","potentialAction":[{"@type":"SearchAction","target":{"@type":"EntryPoint","urlTemplate":"https:\/\/dicolova.com\/cos65\/?s={search_term_string}"},"query-input":{"@type":"PropertyValueSpecification","valueRequired":true,"valueName":"search_term_string"}}],"inLanguage":"fr-FR"}]}},"_links":{"self":[{"href":"https:\/\/dicolova.com\/cos65\/wp-json\/wp\/v2\/product\/156","targetHints":{"allow":["GET"]}}],"collection":[{"href":"https:\/\/dicolova.com\/cos65\/wp-json\/wp\/v2\/product"}],"about":[{"href":"https:\/\/dicolova.com\/cos65\/wp-json\/wp\/v2\/types\/product"}],"replies":[{"embeddable":true,"href":"https:\/\/dicolova.com\/cos65\/wp-json\/wp\/v2\/comments?post=156"}],"wp:featuredmedia":[{"embeddable":true,"href":"https:\/\/dicolova.com\/cos65\/wp-json\/wp\/v2\/media\/157"}],"wp:attachment":[{"href":"https:\/\/dicolova.com\/cos65\/wp-json\/wp\/v2\/media?parent=156"}],"wp:term":[{"taxonomy":"product_brand","embeddable":true,"href":"https:\/\/dicolova.com\/cos65\/wp-json\/wp\/v2\/product_brand?post=156"},{"taxonomy":"product_cat","embeddable":true,"href":"https:\/\/dicolova.com\/cos65\/wp-json\/wp\/v2\/product_cat?post=156"},{"taxonomy":"product_tag","embeddable":true,"href":"https:\/\/dicolova.com\/cos65\/wp-json\/wp\/v2\/product_tag?post=156"}],"curies":[{"name":"wp","href":"https:\/\/api.w.org\/{rel}","templated":true}]}}