{"id":1126,"date":"2024-10-02T08:19:50","date_gmt":"2024-10-02T07:19:50","guid":{"rendered":"https:\/\/dicolova.com\/cos15\/?post_type=product&#038;p=1126"},"modified":"2024-10-02T08:19:51","modified_gmt":"2024-10-02T07:19:51","slug":"goldmen-de-goldman-a-fredericks-goldman-jones","status":"publish","type":"product","link":"https:\/\/dicolova.com\/cos15\/boutique\/spectacles-concerts-et-culture\/goldmen-de-goldman-a-fredericks-goldman-jones\/","title":{"rendered":"GOLDMEN   &#8211;  De Goldman \u00e0 Fr\u00e9d\u00e9ricks-Goldman-Jones"},"content":{"rendered":"<p>Actuellement en tourn\u00e9e \u00e9v\u00e9nement, rassemblant des centaines de milliers de fans \u00e0 travers la France, les<\/p>\n<p>GOLDMEN seront de retour en 2026 pour un nouveau show 100% tubes,<\/p>\n<p>de l\u2019univers de Jean-Jacques GOLDMAN \u00e0 celui du trio FREDERICKS GOLDMAN JONES.<\/p>\n<p>Port\u00e9 par Alain Stevez, v\u00e9ritable miroir vocal du chanteur iconique et avec Sabrina, la voix de Carole Fr\u00e9d\u00e9ricks, les GOLDMEN vont continuer \u00e0 \u00e9cumer les sc\u00e8nes pour le 35\u00e8me anniversaire de la tourn\u00e9e Fr\u00e9d\u00e9ricks<\/p>\n<p>Goldman Jones. Revivez le temps d\u2019une soir\u00e9e le ph\u00e9nom\u00e8ne des ann\u00e9es 1980 \u00e0 2000 o\u00f9 chacun peut fredonner ses\u00a0 refrains pr\u00e9f\u00e9r\u00e9s de Jean-Jacques Goldman, mais aussi du trio, depuis <em>\u00ab <\/em><em>Envole-moi <\/em><em>\u00bb<\/em> en passant par <em>\u00ab <\/em><em>A nos actes manqu\u00e9s <\/em><em>\u00bb<\/em> ou encore <em>\u00ab <\/em><em>Il suffira d\u2019un signe <\/em><em>\u00bb.<\/em><\/p>\n","protected":false},"excerpt":{"rendered":"<p><strong>Samedi 7 Mars 2026 \u00e0 20h<\/strong><\/p>\n<p><strong>Tarifs : <\/strong><\/p>\n<p><strong>CARRE OR : 56\u20ac<\/strong> <em>au lieu de 59\u20ac<\/em><\/p>\n<p><strong>Cat.1 &#8211; PMR\/ACC.PMR\u00a0 : 46\u20ac<\/strong> <em>au lieu de 49\u20ac<\/em><\/p>\n<p><strong>Cat.2. : 44\u20ac<\/strong><\/p>\n<p><strong>Placement assis num\u00e9rot\u00e9<\/strong><\/p>\n","protected":false},"featured_media":1127,"comment_status":"closed","ping_status":"closed","template":"","meta":[],"product_brand":[],"product_cat":[7],"product_tag":[],"class_list":{"0":"post-1126","1":"product","2":"type-product","3":"status-publish","4":"has-post-thumbnail","6":"product_cat-spectacles-concerts-et-culture","8":"first","9":"instock","10":"taxable","11":"shipping-taxable","12":"product-type-simple"},"yoast_head":"<!-- This site is optimized with the Yoast SEO plugin v27.4 - https:\/\/yoast.com\/product\/yoast-seo-wordpress\/ -->\n<title>GOLDMEN  - De Goldman \u00e0 Fr\u00e9d\u00e9ricks-Goldman-Jones - COS 15<\/title>\n<meta name=\"robots\" content=\"index, follow, max-snippet:-1, max-image-preview:large, max-video-preview:-1\" \/>\n<link rel=\"canonical\" href=\"https:\/\/dicolova.com\/cos15\/boutique\/spectacles-concerts-et-culture\/goldmen-de-goldman-a-fredericks-goldman-jones\/\" \/>\n<meta property=\"og:locale\" content=\"fr_FR\" \/>\n<meta property=\"og:type\" content=\"article\" \/>\n<meta property=\"og:title\" content=\"GOLDMEN  - De Goldman \u00e0 Fr\u00e9d\u00e9ricks-Goldman-Jones - COS 15\" \/>\n<meta property=\"og:description\" content=\"Samedi 7 Mars 2026 \u00e0 20h  Tarifs :   CARRE OR : 56\u20ac au lieu de 59\u20ac  Cat.1 - PMR\/ACC.PMR\u00a0 : 46\u20ac au lieu de 49\u20ac  Cat.2. : 44\u20ac  Placement assis num\u00e9rot\u00e9\" \/>\n<meta property=\"og:url\" content=\"https:\/\/dicolova.com\/cos15\/boutique\/spectacles-concerts-et-culture\/goldmen-de-goldman-a-fredericks-goldman-jones\/\" \/>\n<meta property=\"og:site_name\" content=\"COS 15\" \/>\n<meta property=\"article:modified_time\" content=\"2024-10-02T07:19:51+00:00\" \/>\n<meta property=\"og:image\" content=\"https:\/\/dicolova.com\/cos15\/wp-content\/uploads\/sites\/8\/2024\/10\/GOLDMEN-carre-generique-2026.jpg\" \/>\n\t<meta property=\"og:image:width\" content=\"1200\" \/>\n\t<meta property=\"og:image:height\" content=\"1200\" \/>\n\t<meta property=\"og:image:type\" content=\"image\/jpeg\" \/>\n<meta name=\"twitter:card\" content=\"summary_large_image\" \/>\n<meta name=\"twitter:label1\" content=\"Dur\u00e9e de lecture estim\u00e9e\" \/>\n\t<meta name=\"twitter:data1\" content=\"1 minute\" \/>\n<script type=\"application\/ld+json\" class=\"yoast-schema-graph\">{\"@context\":\"https:\\\/\\\/schema.org\",\"@graph\":[{\"@type\":\"WebPage\",\"@id\":\"https:\\\/\\\/dicolova.com\\\/cos15\\\/boutique\\\/spectacles-concerts-et-culture\\\/goldmen-de-goldman-a-fredericks-goldman-jones\\\/\",\"url\":\"https:\\\/\\\/dicolova.com\\\/cos15\\\/boutique\\\/spectacles-concerts-et-culture\\\/goldmen-de-goldman-a-fredericks-goldman-jones\\\/\",\"name\":\"GOLDMEN - De Goldman \u00e0 Fr\u00e9d\u00e9ricks-Goldman-Jones - COS 15\",\"isPartOf\":{\"@id\":\"https:\\\/\\\/dicolova.com\\\/cos15\\\/#website\"},\"primaryImageOfPage\":{\"@id\":\"https:\\\/\\\/dicolova.com\\\/cos15\\\/boutique\\\/spectacles-concerts-et-culture\\\/goldmen-de-goldman-a-fredericks-goldman-jones\\\/#primaryimage\"},\"image\":{\"@id\":\"https:\\\/\\\/dicolova.com\\\/cos15\\\/boutique\\\/spectacles-concerts-et-culture\\\/goldmen-de-goldman-a-fredericks-goldman-jones\\\/#primaryimage\"},\"thumbnailUrl\":\"https:\\\/\\\/dicolova.com\\\/cos15\\\/wp-content\\\/uploads\\\/sites\\\/8\\\/2024\\\/10\\\/GOLDMEN-carre-generique-2026.jpg\",\"datePublished\":\"2024-10-02T07:19:50+00:00\",\"dateModified\":\"2024-10-02T07:19:51+00:00\",\"breadcrumb\":{\"@id\":\"https:\\\/\\\/dicolova.com\\\/cos15\\\/boutique\\\/spectacles-concerts-et-culture\\\/goldmen-de-goldman-a-fredericks-goldman-jones\\\/#breadcrumb\"},\"inLanguage\":\"fr-FR\",\"potentialAction\":[{\"@type\":\"ReadAction\",\"target\":[\"https:\\\/\\\/dicolova.com\\\/cos15\\\/boutique\\\/spectacles-concerts-et-culture\\\/goldmen-de-goldman-a-fredericks-goldman-jones\\\/\"]}]},{\"@type\":\"ImageObject\",\"inLanguage\":\"fr-FR\",\"@id\":\"https:\\\/\\\/dicolova.com\\\/cos15\\\/boutique\\\/spectacles-concerts-et-culture\\\/goldmen-de-goldman-a-fredericks-goldman-jones\\\/#primaryimage\",\"url\":\"https:\\\/\\\/dicolova.com\\\/cos15\\\/wp-content\\\/uploads\\\/sites\\\/8\\\/2024\\\/10\\\/GOLDMEN-carre-generique-2026.jpg\",\"contentUrl\":\"https:\\\/\\\/dicolova.com\\\/cos15\\\/wp-content\\\/uploads\\\/sites\\\/8\\\/2024\\\/10\\\/GOLDMEN-carre-generique-2026.jpg\",\"width\":1200,\"height\":1200},{\"@type\":\"BreadcrumbList\",\"@id\":\"https:\\\/\\\/dicolova.com\\\/cos15\\\/boutique\\\/spectacles-concerts-et-culture\\\/goldmen-de-goldman-a-fredericks-goldman-jones\\\/#breadcrumb\",\"itemListElement\":[{\"@type\":\"ListItem\",\"position\":1,\"name\":\"Accueil\",\"item\":\"https:\\\/\\\/dicolova.com\\\/cos15\\\/\"},{\"@type\":\"ListItem\",\"position\":2,\"name\":\"Billetterie\",\"item\":\"https:\\\/\\\/dicolova.com\\\/cos15\\\/billetterie\\\/\"},{\"@type\":\"ListItem\",\"position\":3,\"name\":\"GOLDMEN &#8211; De Goldman \u00e0 Fr\u00e9d\u00e9ricks-Goldman-Jones\"}]},{\"@type\":\"WebSite\",\"@id\":\"https:\\\/\\\/dicolova.com\\\/cos15\\\/#website\",\"url\":\"https:\\\/\\\/dicolova.com\\\/cos15\\\/\",\"name\":\"COS 15\",\"description\":\"\",\"potentialAction\":[{\"@type\":\"SearchAction\",\"target\":{\"@type\":\"EntryPoint\",\"urlTemplate\":\"https:\\\/\\\/dicolova.com\\\/cos15\\\/?s={search_term_string}\"},\"query-input\":{\"@type\":\"PropertyValueSpecification\",\"valueRequired\":true,\"valueName\":\"search_term_string\"}}],\"inLanguage\":\"fr-FR\"}]}<\/script>\n<!-- \/ Yoast SEO plugin. -->","yoast_head_json":{"title":"GOLDMEN  - De Goldman \u00e0 Fr\u00e9d\u00e9ricks-Goldman-Jones - COS 15","robots":{"index":"index","follow":"follow","max-snippet":"max-snippet:-1","max-image-preview":"max-image-preview:large","max-video-preview":"max-video-preview:-1"},"canonical":"https:\/\/dicolova.com\/cos15\/boutique\/spectacles-concerts-et-culture\/goldmen-de-goldman-a-fredericks-goldman-jones\/","og_locale":"fr_FR","og_type":"article","og_title":"GOLDMEN  - De Goldman \u00e0 Fr\u00e9d\u00e9ricks-Goldman-Jones - COS 15","og_description":"Samedi 7 Mars 2026 \u00e0 20h  Tarifs :   CARRE OR : 56\u20ac au lieu de 59\u20ac  Cat.1 - PMR\/ACC.PMR\u00a0 : 46\u20ac au lieu de 49\u20ac  Cat.2. : 44\u20ac  Placement assis num\u00e9rot\u00e9","og_url":"https:\/\/dicolova.com\/cos15\/boutique\/spectacles-concerts-et-culture\/goldmen-de-goldman-a-fredericks-goldman-jones\/","og_site_name":"COS 15","article_modified_time":"2024-10-02T07:19:51+00:00","og_image":[{"width":1200,"height":1200,"url":"https:\/\/dicolova.com\/cos15\/wp-content\/uploads\/sites\/8\/2024\/10\/GOLDMEN-carre-generique-2026.jpg","type":"image\/jpeg"}],"twitter_card":"summary_large_image","twitter_misc":{"Dur\u00e9e de lecture estim\u00e9e":"1 minute"},"schema":{"@context":"https:\/\/schema.org","@graph":[{"@type":"WebPage","@id":"https:\/\/dicolova.com\/cos15\/boutique\/spectacles-concerts-et-culture\/goldmen-de-goldman-a-fredericks-goldman-jones\/","url":"https:\/\/dicolova.com\/cos15\/boutique\/spectacles-concerts-et-culture\/goldmen-de-goldman-a-fredericks-goldman-jones\/","name":"GOLDMEN - De Goldman \u00e0 Fr\u00e9d\u00e9ricks-Goldman-Jones - COS 15","isPartOf":{"@id":"https:\/\/dicolova.com\/cos15\/#website"},"primaryImageOfPage":{"@id":"https:\/\/dicolova.com\/cos15\/boutique\/spectacles-concerts-et-culture\/goldmen-de-goldman-a-fredericks-goldman-jones\/#primaryimage"},"image":{"@id":"https:\/\/dicolova.com\/cos15\/boutique\/spectacles-concerts-et-culture\/goldmen-de-goldman-a-fredericks-goldman-jones\/#primaryimage"},"thumbnailUrl":"https:\/\/dicolova.com\/cos15\/wp-content\/uploads\/sites\/8\/2024\/10\/GOLDMEN-carre-generique-2026.jpg","datePublished":"2024-10-02T07:19:50+00:00","dateModified":"2024-10-02T07:19:51+00:00","breadcrumb":{"@id":"https:\/\/dicolova.com\/cos15\/boutique\/spectacles-concerts-et-culture\/goldmen-de-goldman-a-fredericks-goldman-jones\/#breadcrumb"},"inLanguage":"fr-FR","potentialAction":[{"@type":"ReadAction","target":["https:\/\/dicolova.com\/cos15\/boutique\/spectacles-concerts-et-culture\/goldmen-de-goldman-a-fredericks-goldman-jones\/"]}]},{"@type":"ImageObject","inLanguage":"fr-FR","@id":"https:\/\/dicolova.com\/cos15\/boutique\/spectacles-concerts-et-culture\/goldmen-de-goldman-a-fredericks-goldman-jones\/#primaryimage","url":"https:\/\/dicolova.com\/cos15\/wp-content\/uploads\/sites\/8\/2024\/10\/GOLDMEN-carre-generique-2026.jpg","contentUrl":"https:\/\/dicolova.com\/cos15\/wp-content\/uploads\/sites\/8\/2024\/10\/GOLDMEN-carre-generique-2026.jpg","width":1200,"height":1200},{"@type":"BreadcrumbList","@id":"https:\/\/dicolova.com\/cos15\/boutique\/spectacles-concerts-et-culture\/goldmen-de-goldman-a-fredericks-goldman-jones\/#breadcrumb","itemListElement":[{"@type":"ListItem","position":1,"name":"Accueil","item":"https:\/\/dicolova.com\/cos15\/"},{"@type":"ListItem","position":2,"name":"Billetterie","item":"https:\/\/dicolova.com\/cos15\/billetterie\/"},{"@type":"ListItem","position":3,"name":"GOLDMEN &#8211; De Goldman \u00e0 Fr\u00e9d\u00e9ricks-Goldman-Jones"}]},{"@type":"WebSite","@id":"https:\/\/dicolova.com\/cos15\/#website","url":"https:\/\/dicolova.com\/cos15\/","name":"COS 15","description":"","potentialAction":[{"@type":"SearchAction","target":{"@type":"EntryPoint","urlTemplate":"https:\/\/dicolova.com\/cos15\/?s={search_term_string}"},"query-input":{"@type":"PropertyValueSpecification","valueRequired":true,"valueName":"search_term_string"}}],"inLanguage":"fr-FR"}]}},"_links":{"self":[{"href":"https:\/\/dicolova.com\/cos15\/wp-json\/wp\/v2\/product\/1126","targetHints":{"allow":["GET"]}}],"collection":[{"href":"https:\/\/dicolova.com\/cos15\/wp-json\/wp\/v2\/product"}],"about":[{"href":"https:\/\/dicolova.com\/cos15\/wp-json\/wp\/v2\/types\/product"}],"replies":[{"embeddable":true,"href":"https:\/\/dicolova.com\/cos15\/wp-json\/wp\/v2\/comments?post=1126"}],"wp:featuredmedia":[{"embeddable":true,"href":"https:\/\/dicolova.com\/cos15\/wp-json\/wp\/v2\/media\/1127"}],"wp:attachment":[{"href":"https:\/\/dicolova.com\/cos15\/wp-json\/wp\/v2\/media?parent=1126"}],"wp:term":[{"taxonomy":"product_brand","embeddable":true,"href":"https:\/\/dicolova.com\/cos15\/wp-json\/wp\/v2\/product_brand?post=1126"},{"taxonomy":"product_cat","embeddable":true,"href":"https:\/\/dicolova.com\/cos15\/wp-json\/wp\/v2\/product_cat?post=1126"},{"taxonomy":"product_tag","embeddable":true,"href":"https:\/\/dicolova.com\/cos15\/wp-json\/wp\/v2\/product_tag?post=1126"}],"curies":[{"name":"wp","href":"https:\/\/api.w.org\/{rel}","templated":true}]}}